{"id":38714,"date":"2024-04-25T00:00:00","date_gmt":"2024-04-24T15:00:00","guid":{"rendered":"https:\/\/usagidvd2023.com\/store\/product\/%e3%83%87%e3%83%bc%e3%83%88xxx%e3%80%82%e4%bf%a1%e9%a0%bc%e3%81%97%e3%81%a6%e3%81%84%e3%81%9f%e5%90%8c%e3%81%98%e5%a4%a7%e5%ad%a6%e3%81%ae%e6%98%a0%e7%94%bb%e3%82%b5%e3%83%bc%e3%82%af\/"},"modified":"2024-06-09T13:09:26","modified_gmt":"2024-06-09T04:09:26","slug":"%e3%83%87%e3%83%bc%e3%83%88xxx%e3%80%82%e4%bf%a1%e9%a0%bc%e3%81%97%e3%81%a6%e3%81%84%e3%81%9f%e5%90%8c%e3%81%98%e5%a4%a7%e5%ad%a6%e3%81%ae%e6%98%a0%e7%94%bb%e3%82%b5%e3%83%bc%e3%82%af","status":"publish","type":"product","link":"https:\/\/usagidvd2023.com\/store\/product\/%e3%83%87%e3%83%bc%e3%83%88xxx%e3%80%82%e4%bf%a1%e9%a0%bc%e3%81%97%e3%81%a6%e3%81%84%e3%81%9f%e5%90%8c%e3%81%98%e5%a4%a7%e5%ad%a6%e3%81%ae%e6%98%a0%e7%94%bb%e3%82%b5%e3%83%bc%e3%82%af\/","title":{"rendered":"\u30c7\u30fc\u30c8\u00d7\u00d7\u00d7\u3002\u4fe1\u983c\u3057\u3066\u3044\u305f\u540c\u3058\u5927\u5b66\u306e\u6620\u753b\u30b5\u30fc\u30af\u30eb\u306e\u7537\u5b50\u305f\u3061\u306b\u8972\u308f\u308c\u3066\u3001\u5589\u5965\u307e\u3067\u4f55\u5ea6\u3082\u30a4\u30e9\u30de\u30c1\u30aa\u3055\u308c\u3066\u3001\u4e2d\u51fa\u3057\u3055\u308c\u307e\u3057\u305f\u2026 MINAMO"},"content":{"rendered":"","protected":false},"excerpt":{"rendered":"<p>\u6620\u753b\u30b5\u30fc\u30af\u30eb\u306b\u6240\u5c5e\u3057\u3066\u829d\u5c45\u3092\u3057\u3066\u3044\u308b\u307f\u306a\u3082\u3002\u307f\u3093\u306a\u3067\u4ef2\u826f\u304f\u6620\u753b\u64ae\u5f71\u3092\u3057\u3066\u5145\u5b9f\u3057\u305f\u65e5\u3005\u3092\u904e\u3054\u3057\u3066\u3044\u305f\u304c\u8986\u9762\u306e\u7537\u305f\u3061\u306b\u8972\u308f\u308c\u3066\u5d29\u58ca\u3057\u3066\u3044\u304f\u3002\u5148\u8f29\u306e\u9ad8\u7d1a\u306a\u6642\u8a08\u3092\u3081\u3050\u3063\u3066\u3001\u7d46\u304c\u58ca\u308c\u308b\u306a\u3093\u3066\u601d\u3044\u3082\u3057\u3066\u3044\u306a\u304b\u3063\u305f\u3002\u4fe1\u983c\u3057\u3066\u3044\u305f\u30b5\u30fc\u30af\u30eb\u306e\u30e1\u30f3\u30d0\u30fc\u306b\u7121\u7406\u77e2\u7406\u4e2d\u51fa\u3057\u3055\u308c\u308b\u306a\u3093\u3066\u2026<\/p>\n","protected":false},"featured_media":38715,"template":"","meta":{"_acf_changed":false},"product_brand":[],"product_cat":[17,171,295,19,74,21,42,20],"product_tag":[],"class_list":{"0":"post-38714","1":"product","2":"type-product","3":"status-publish","4":"has-post-thumbnail","6":"product_cat-sku","7":"product_cat-sod","8":"product_cat-z","9":"product_cat-genre","10":"product_cat-74","11":"product_cat-mfr","12":"product_cat-42","13":"product_cat-looks","15":"first","16":"instock","17":"purchasable","18":"product-type-simple"},"acf":[],"_links":{"self":[{"href":"https:\/\/usagidvd2023.com\/store\/wp-json\/wp\/v2\/product\/38714","targetHints":{"allow":["GET"]}}],"collection":[{"href":"https:\/\/usagidvd2023.com\/store\/wp-json\/wp\/v2\/product"}],"about":[{"href":"https:\/\/usagidvd2023.com\/store\/wp-json\/wp\/v2\/types\/product"}],"wp:featuredmedia":[{"embeddable":true,"href":"https:\/\/usagidvd2023.com\/store\/wp-json\/wp\/v2\/media\/38715"}],"wp:attachment":[{"href":"https:\/\/usagidvd2023.com\/store\/wp-json\/wp\/v2\/media?parent=38714"}],"wp:term":[{"taxonomy":"product_brand","embeddable":true,"href":"https:\/\/usagidvd2023.com\/store\/wp-json\/wp\/v2\/product_brand?post=38714"},{"taxonomy":"product_cat","embeddable":true,"href":"https:\/\/usagidvd2023.com\/store\/wp-json\/wp\/v2\/product_cat?post=38714"},{"taxonomy":"product_tag","embeddable":true,"href":"https:\/\/usagidvd2023.com\/store\/wp-json\/wp\/v2\/product_tag?post=38714"}],"curies":[{"name":"wp","href":"https:\/\/api.w.org\/{rel}","templated":true}]}}