{"id":112566,"date":"2023-02-18T00:00:00","date_gmt":"2023-02-17T15:00:00","guid":{"rendered":"https:\/\/usagidvd2023.com\/store\/product\/%e3%83%8f%e3%83%bc%e3%83%95%e3%81%a7%e3%82%ad%e3%83%a5%e3%83%bc%e3%83%88%e3%81%a7%e3%82%b9%e3%82%b1%e3%83%99%e3%81%99%e3%81%8e%e3%82%8bbody%e3%81%ae%e5%bd%bc%e5%a5%b3%e3%81%a8%e5%a4%89%e6%85%8b\/"},"modified":"2024-06-11T01:28:24","modified_gmt":"2024-06-10T16:28:24","slug":"%e3%83%8f%e3%83%bc%e3%83%95%e3%81%a7%e3%82%ad%e3%83%a5%e3%83%bc%e3%83%88%e3%81%a7%e3%82%b9%e3%82%b1%e3%83%99%e3%81%99%e3%81%8e%e3%82%8bbody%e3%81%ae%e5%bd%bc%e5%a5%b3%e3%81%a8%e5%a4%89%e6%85%8b","status":"publish","type":"product","link":"https:\/\/usagidvd2023.com\/store\/product\/%e3%83%8f%e3%83%bc%e3%83%95%e3%81%a7%e3%82%ad%e3%83%a5%e3%83%bc%e3%83%88%e3%81%a7%e3%82%b9%e3%82%b1%e3%83%99%e3%81%99%e3%81%8e%e3%82%8bbody%e3%81%ae%e5%bd%bc%e5%a5%b3%e3%81%a8%e5%a4%89%e6%85%8b\/","title":{"rendered":"\u30cf\u30fc\u30d5\u3067\u30ad\u30e5\u30fc\u30c8\u3067\u30b9\u30b1\u30d9\u3059\u304e\u308bBODY\u306e\u5f7c\u5973\u3068\u5909\u614b\u9732\u51fa\u30c7\u30fc\u30c8 \u52a0\u85e4\u30ed\u30bc"},"content":{"rendered":"","protected":false},"excerpt":{"rendered":"<p>\u30cf\u30fc\u30d5\u3067\u30ad\u30e5\u30fc\u30c8\u3067\u30e0\u30c1\u30e0\u30c1\u5357\u56fd\u4f53\u578b\u3001\u5357\u56fd\u5a18\u306b\u306f\u5916\u304c\u4f3c\u5408\u3046\u3002\u30ea\u30e2\u30d0\u30a4\u6563\u6b69\u306b\u5916\u30aa\u30ca\u30cb\u30fc\u3002\u9732\u5929\u4e2d\u51fa\u3057\u3002\u65c5\u9928\u306e\u30d9\u30e9\u30f3\u30c0\u3067\u7f9e\u6065\u30d5\u30a7\u30e9\u3002\u3088\u3060\u308c\u6700\u9ad8\u5236\u670d\u4e2d\u51fa\u3057\u3002\u30bd\u30bd\u308a\u307e\u304f\u308a\u306e\u7206\u4e73\u30c7\u30ab\u4e73\u8f2a\u3067\u3001\u30c4\u30eb\u30c4\u30eb\u30ad\u30c4\u30ad\u30c4\u30aa\u30de\u30f3\u30de\u30f3\u306b\u5438\u3044\u53d6\u3089\u308c\u308b\u3088\u3046\u306b\u4e2d\u51fa\u30572\u767a\u00d7\u00d7\u00d7\u4f55\u3067\u3082\u8a00\u3046\u3053\u3068\u805e\u3044\u3066\u304f\u308c\u308b\u30ed\u30bc\u3061\u3083\u3093 \u5236\u670d\u826f\u304b\u3063\u305f\u305c\u30fc LOVE \u5909\u614b\u30c7\u30fc\u30c8\u6700\u9ad8\uff01\uff01<\/p>\n","protected":false},"featured_media":112567,"template":"","meta":{"_acf_changed":false},"product_brand":[],"product_cat":[17,706,19,21,34,90,130,20],"product_tag":[],"class_list":{"0":"post-112566","1":"product","2":"type-product","3":"status-publish","4":"has-post-thumbnail","6":"product_cat-sku","7":"product_cat-x","8":"product_cat-genre","9":"product_cat-mfr","10":"product_cat-34","11":"product_cat-90","12":"product_cat-130","13":"product_cat-looks","15":"first","16":"instock","17":"purchasable","18":"product-type-simple"},"acf":[],"_links":{"self":[{"href":"https:\/\/usagidvd2023.com\/store\/wp-json\/wp\/v2\/product\/112566","targetHints":{"allow":["GET"]}}],"collection":[{"href":"https:\/\/usagidvd2023.com\/store\/wp-json\/wp\/v2\/product"}],"about":[{"href":"https:\/\/usagidvd2023.com\/store\/wp-json\/wp\/v2\/types\/product"}],"wp:featuredmedia":[{"embeddable":true,"href":"https:\/\/usagidvd2023.com\/store\/wp-json\/wp\/v2\/media\/112567"}],"wp:attachment":[{"href":"https:\/\/usagidvd2023.com\/store\/wp-json\/wp\/v2\/media?parent=112566"}],"wp:term":[{"taxonomy":"product_brand","embeddable":true,"href":"https:\/\/usagidvd2023.com\/store\/wp-json\/wp\/v2\/product_brand?post=112566"},{"taxonomy":"product_cat","embeddable":true,"href":"https:\/\/usagidvd2023.com\/store\/wp-json\/wp\/v2\/product_cat?post=112566"},{"taxonomy":"product_tag","embeddable":true,"href":"https:\/\/usagidvd2023.com\/store\/wp-json\/wp\/v2\/product_tag?post=112566"}],"curies":[{"name":"wp","href":"https:\/\/api.w.org\/{rel}","templated":true}]}}